t -2 (base 8) to base 13.
-2
Convert 42 (base 14) to base 7.
112
What is -1 (base 4) in base 15?
-1
Convert 4 (base 13) to base 12.
4
-4 (base 6) to base 5
-4
Convert 6 (base 10) to base 9.
6
Convert 3 (base 6) to base 16.
3
1 (base 15) to base 10
1
What is 2 (base 16) in base 12?
2
What is -20 (base 3) in base 6?
-10
What is -12 (base 5) in base 9?
-7
-3 (base 12) to base 11
-3
Convert 1 (base 16) to base 9.
1
What is 34 (base 12) in base 9?
44
What is 101 (base 15) in base 8?
342
What is 1 (base 4) in base 13?
1
Convert -12 (base 14) to base 11.
-15
Convert -1a (base 13) to base 15.
-18
4 (base 9) to base 5
4
What is 21 (base 13) in base 16?
1b
120 (base 5) to base 2
100011
Convert 2 (base 10) to base 2.
10
What is 105 (base 8) in base 9?
76
What is -2 (base 16) in base 10?
-2
What is 81 (base 13) in base 15?
70
Convert 130 (base 8) to base 14.
64
-4 (base 5) to base 4
-10
What is -1 (base 8) in base 5?
-1
What is -20 (base 3) in base 14?
-6
What is -178 (base 12) in base 4?
-3230
What is 0 (base 10) in base 11?
0
What is 53 (base 8) in base 10?
43
-130 (base 4) to base 10
-28
What is 9 (base 14) in base 5?
14
Convert -3 (base 13) to base 6.
-3
What is 11222 (base 3) in base 7?
251
What is 2 (base 9) in base 6?
2
What is -111 (base 2) in base 12?
-7
Convert -9 (base 16) to base 2.
-1001
What is -3 (base 16) in base 4?
-3
What is -a (base 14) in base 15?
-a
What is 3 (base 8) in base 9?
3
What is 211 (base 6) in base 3?
2221
-1d (base 14) to base 6
-43
Convert -1 (base 15) to base 9.
-1
Convert -106 (base 9) to base 6.
-223
23 (base 14) to base 10
31
Convert 18 (base 13) to base 11.
1a
What is -9 (base 14) in base 4?
-21
Convert -21 (base 7) to base 13.
-12
What is -1 (base 12) in base 11?
-1
Convert 9 (base 16) to base 4.
21
What is 0 (base 6) in base 3?
0
What is 1 (base 10) in base 14?
1
What is -5 (base 10) in base 7?
-5
Convert 111 (base 4) to base 5.
41
-5 (base 6) to base 16
-5
What is 12 (base 11) in base 5?
23
Convert -140 (base 16) to base 15.
-165
7 (base 10) to base 13
7
2 (base 13) to base 10
2
What is -31 (base 7) in base 4?
-112
Convert -2012 (base 3) to base 11.
-54
Convert 4 (base 11) to base 4.
10
What is a9 (base 11) in base 8?
167
Convert 0 (base 3) to base 6.
0
What is 2 (base 16) in base 12?
2
-2b (base 12) to base 10
-35
1441 (base 6) to base 11
320
Convert 1 (base 8) to base 16.
1
What is -8 (base 14) in base 12?
-8
Convert 7 (base 9) to base 11.
7
-11 (base 3) to base 5
-4
Convert -10 (base 2) to base 4.
-2
-2 (base 15) to base 12
-2
Convert 310 (base 5) to base 16.
50
2 (base 13) to base 4
2
-10111 (base 2) to base 5
-43
b (base 14) to base 6
15
-1 (base 13) to base 3
-1
Convert 1 (base 15) to base 7.
1
What is 1042 (base 5) in base 11?
124
What is -5 (base 10) in base 14?
-5
-10201 (base 3) to base 10
-100
Convert 122 (base 3) to base 2.
10001
-4 (base 10) to base 8
-4
What is 15 (base 16) in base 12?
19
11000011 (base 2) to base 8
303
100 (base 5) to base 8
31
3 (base 10) to base 15
3
3 (base 5) to base 7
3
What is -1 (base 15) in base 7?
-1
What is -13 (base 12) in base 6?
-23
What is 2 (base 10) in base 8?
2
100 (base 5) to base 3
221
What is 27 (base 11) in base 15?
1e
Convert -42 (base 15) to base 4.
-332
What is -300 (base 5) in base 10?
-75
What is 5 (base 16) in base 12?
5
-2 (base 9) to base 13
-2
What is -3a (base 13) in base 9?
-54
Convert -1 (base 3) to base 10.
-1
Convert 441 (base 6) to base 15.
b4
5 (base 15) to base 8
5
Convert -13 (base 5) to base 6.
-12
What is 500 (base 6) in base 12?
130
What is 1 (base 13) in base 15?
1
What is -1 (base 2) in base 4?
-1
-11 (base 5) to base 11
-6
Convert 10 (base 6) to base 12.
6
Convert 15 (base 11) to base 9.
17
Convert 35 (base 6) to base 7.
32
a2 (base 12) to base 7
233
0 (base 7) to base 8
0
-8 (base 15) to base 5
-13
Convert 132 (base 4) to base 16.
1e
What is -1 (base 3) in base 14?
-1
What is 22 (base 3) in base 6?
12
What is 62 (base 7) in base 13?
35
26 (base 7) to base 9
22
Convert 135 (base 11) to base 6.
423
What is -1111 (base 4) in base 8?
-125
What is 2 (base 16) in base 8?
2
4 (base 5) to base 6
4
What is 2 (base 15) in base 13?
2
What is -4 (base 13) in base 3?
-11
Convert -273 (base 11) to base 8.
-502
What is -7 (base 12) in base 5?
-12
58 (base 15) to base 11
76
3 (base 10) to base 9
3
9 (base 16) to base 2
1001
0 (base 4) to base 6
0
Convert -4 (base 12) to base 15.
-4
What is 25 (base 12) in base 15?
1e
Convert 21 (base 4) to base 12.
9
Convert -2 (base 16) to base 10.
-2
What is -100101 (base 2) in base 4?
-211
Convert 10110110 (base 2) to base 8.
266
Convert 4 (base 6) to base 7.
4
Convert 420 (base 7) to base 4.
3102
4a (base 12) to base 13
46
What is -21212 (base 3) in base 12?
-158
What is -56 (base 15) in base 10?
-81
-a (base 12) to base 13
-a
Convert -13 (base 13) to base 8.
-20
Convert -3 (base 7) to base 12.
-3
Convert 3 (base 16) to base 9.
3
Convert -156 (base 8) to base 4.
-1232
Convert -1202 (base 3) to base 12.
-3b
What is 1 (base 16) in base 14?
1
-9 (base 15) to base 5
-14
Convert -1001 (base 3) to base 6.
-44
34 (base 14) to base 10
46
120 (base 5) to base 11
32
-a8 (base 11) to base 12
-9a
7 (base 8) to base 11
7
Convert 11000 (base 2) to base 14.
1a
Convert -220 (base 10) to base 3.
-22011
-10 (base 8) to base 7
-11
What is -a (base 11) in base 13?
-a
Convert 15 (base 6) to base 5.
21
1 (base 11) to base 10
1
What is 0 (base 15) in base 9?
0
Convert 7 (base 9) to base 11.
7
75 (base 9) to base 10
68
6 (base 15) to base 14
6
What is -2 (base 11) in base 9?
-2
What is 1110 (base 2) in base 13?
11
-3 (base 14) to base 6
-3
-22 (base 9) to base 16
-14
What is 6 (base 8) in base 11?
6
What is 1 (base 10) in base 9?
1
-bb (base 12) to base 14
-a3
What is 47 (base 10) in base 13?
38
Convert 0 (base 15) to base 10.
0
What is -10 (base 10) in base 4?
-22
Convert -7e (base 16) to base 4.
-1332
2 (base 4) to base 15
2
-124 (base 6) to base 2
-110100
1 (base 15) to base 6
1
Convert 6 (base 13) to base 6.
10
2 (base 6) to base 9
2
Convert -12 (base 5) to base 2.
-111
What is -5 (base 11) in base 14?
-5
a9 (base 16) to base 4
2221
What is 354 (base 7) in base 3?
20220
Convert -14 (base 14) to base 16.
-12
19 (base 10) to base 7
25
What is -19 (base 12) in base 10?
-21
What is 6 (base 7) in base 16?
6
-44 (base 11) to base 7
-66
20 (base 5) to base 2
1010
What is -9 (base 16) in base 14?
-9
-189 (base 13) to base 16
-11a
0 (base 8) to base 6
0
-5b (base 16) to base 15
-61
10 (base 5) to base 15
5
What is 7 (base 15) in base 7?
10
Convert 4 (base 13) to base 10.
4
75 (base 10) to base 16
4b
Convert 13 (base 9) to base 14.
c
What is 101 (base 4) in base 8?
21
What is -312 (base 6) in base 8?
-164
Convert 7 (base 10) to base 3.
21
-1 (base 8) to base 7
-1
-176 (base 13) to base 11
-222
What is -10101 (base 2) in base 8?
-25
What is -4c (base 15) in base 16?
-48
What is -2 (base 14) in base 11?
-2
Convert 2 (base 13) to base 15.
2
Convert 0 (base 2) to base 6.
0
What is -7 (base 14) in base 16?
-7
What is 11 (base 15) in base 5?
31
136 (base 10) to base 15
91
What is 111 (base 3) in base 13?
10
-106 (base 7) to base 9
-61
Convert -7 (base 10) to base 2.
-111
What is -1 (base 5) in base 10?
-1
0 (base 14) to base 11
0
Convert -334 (base 7) to base 8.
-254
Convert a (base 15) to base 2.
1010
What is 2 (base 15) in base 10?
2
0 (base 11) to base 6
0
What is 104 (base 6) in base 10?
40
What is 4 (base 8) in base 13?
4
What is 21 (base 12) in base 14?
1b
What is -2 (base 12) in base 14?
-2
What is 0 (base 13) in base 2?
0
4 (base 6) to base 12
4
23 (base 14) to base 5
111
0 (base 15) to base 13
0
What is -8 (base 12) in base 11?
-8
-36 (base 9) to base 4
-201
What is 26 (base 13) in base 2?
100000
What is 1 (base 14) in base 16?
1
Convert 13 (base 8) to base 9.
12
Convert -3 (base 11) to base 8.
-3
0 (base 11) to base 14
0
2 (base 5) to base 16
2
What is -140 (base 12) in base 6?
-520
What is 0 (base 3) in base 9?
0
Convert -17 (base 9) to base 15.
-11
Convert 12 (base 11) to base 13.
10
What is -30 (base 5) in base 16?
-f
What is -5 (base 15) in base 11?
-5
What is -1023 (base 4) in base 8?
-113
What is -2 (base 8) in base 10?
-2
What is 0 (base 7) in base 2?
0
What is -16 (base 7) in base 16?
-d
Convert 4 (base 13) to base 12.
4
What is